{"id":842,"date":"2021-06-06T18:04:29","date_gmt":"2021-06-06T15:04:29","guid":{"rendered":"https:\/\/www.lemonvilla.com\/?page_id=842"},"modified":"2021-06-06T18:04:30","modified_gmt":"2021-06-06T15:04:30","slug":"kisisel-verilerin-korunmasi","status":"publish","type":"page","link":"https:\/\/www.lemonvilla.com\/?page_id=842&lang=tr","title":{"rendered":"Ki\u015fisel Verilerin Korunmas\u0131"},"content":{"rendered":"\n<p><strong>K\u0130\u015e\u0130SEL VER\u0130LER\u0130N KORUNMASI KANUNU\nKAPSAMINDA AYDINLATMA METN\u0130<\/strong><\/p>\n\n\n\n<p><strong>K\u0130\u015e\u0130SEL VER\u0130LER\u0130N\nKORUNMASI KANUNU KAPSAMINDA AYDINLATMA METN\u0130<\/strong><\/p>\n\n\n\n<p>Lemon Villa Otel &nbsp;ve ekte listesi yer alan Grup \u015eirketleri\n(birlikte \u201cLemon Villa Otel\u201d olarak an\u0131lacakt\u0131r) b\u00fcnyesindeki ki\u015fisel veriler, Lemon\nVilla Otel\u2019un g\u00fcvencesi alt\u0131ndad\u0131r. Lemon Villa Otel olarak, 6698 say\u0131l\u0131\nKi\u015fisel Verilerin Korunmas\u0131 Kanunu (\u201cKanun\u201d) uyar\u0131nca, ki\u015fisel verilerin\ng\u00fcvenli \u015fekilde saklanmas\u0131n\u0131, hukuka uygun olarak i\u015flenmesini sa\u011flamak i\u00e7in\ngerekli teknik ve idari \u00f6nlemleri almaktay\u0131z.<\/p>\n\n\n\n<p>Bu do\u011frultuda, Kanun\nuyar\u0131nca ki\u015fisel verilerinizin i\u015flenmesi, muhafaza edilmesi ve aktar\u0131lmas\u0131\nkapsam\u0131nda sizleri bilgilendirmek amac\u0131yla i\u015f bu Ki\u015fisel Verilerin Korunmas\u0131\nKanunu Kapsam\u0131nda Ayd\u0131nlatma Metni d\u00fczenlenmi\u015ftir.<\/p>\n\n\n\n<ol class=\"wp-block-list\"><li><strong>Ki\u015fisel Verilerin Hangi Ama\u00e7la \u0130\u015flenebilece\u011fi<\/strong><br>\n     <br>\n     <br>\n     <\/li><\/ol>\n\n\n\n<p>Ki\u015fisel verileriniz, Kanun\u2019a uygun olarak,\nLemon Villa Otel taraf\u0131ndan sa\u011flanan hizmet ve Lemon Villa Otel\u2019in ticari\nfaaliyetlerine ba\u011fl\u0131 olarak de\u011fi\u015fkenlik g\u00f6sterebilmekle birlikte; otomatik ya\nda otomatik olmayan yollarla, Lemon Villa Otel &nbsp;birimleri ve ofisleri, internet sitesi, sosyal\nmedya mecralar\u0131, mobil uygulamalar ve benzeri vas\u0131talarla s\u00f6zl\u00fc, yaz\u0131l\u0131 ya da\nelektronik olarak toplanabilecektir. \u00c7a\u011fr\u0131 merkezlerimizi veya internet\nsayfam\u0131z\u0131 kulland\u0131\u011f\u0131n\u0131zda, Lemon Villa Otel\u2019ini ya da internet sitemizi, sosyal\nmedya mecralar\u0131n\u0131 ziyaret etti\u011finizde, ki\u015fisel verileriniz olu\u015fturularak ve\ng\u00fcncellenerek i\u015flenebilecektir.<\/p>\n\n\n\n<p>Kanun\u2019un 5. ve 6. Maddelerinde belirtilen\n\u015fartlara ve ilgili t\u00fcm mevzuata uygun olarak, Lemon Villa Otel taraf\u0131ndan;<\/p>\n\n\n\n<ol class=\"wp-block-list\"><li>Yasal d\u00fczenlemelerin gerektirdi\u011fi veya zorunlu\n      k\u0131ld\u0131\u011f\u0131 \u015fekilde hukuki y\u00fck\u00fcml\u00fcl\u00fcklerimizin yerine getirilmesini sa\u011flamak,<\/li><li>Operasyonel faaliyetlerinin yerine getirilmesi\n      i\u00e7in yaz\u0131l\u0131m hizmetleri ve di\u011fer d\u0131\u015f kaynak hizmetlerinin sa\u011flanmas\u0131,<\/li><li>Lemon Villa Otel ana s\u00f6zle\u015fmelerinde belirtilen\n      ticari faaliyetlerin mevzuata ve ilgili \u015firket ve Lemon Villa Otel\n      politikalar\u0131na uygun olarak yerine getirilmesi i\u00e7in ilgili birimler\n      taraf\u0131ndan gerekli \u00e7al\u0131\u015fmalar\u0131n yap\u0131lmas\u0131 ve bu do\u011frultuda faaliyetlerin\n      y\u00fcr\u00fct\u00fclmesi,<\/li><li>Lemon Villa Otel\u2019in k\u0131sa, orta, uzun vadeli\n      ticari politikalar\u0131n\u0131n tespiti, planlanmas\u0131 ve uygulanmas\u0131,<\/li><li>Lemon Villa Otel taraf\u0131ndan sunulan hizmet \u00fcr\u00fcn\n      ve projelerin ilgili ki\u015filerin be\u011feni, kullan\u0131m al\u0131\u015fkanl\u0131klar\u0131 ve\n      ihtiya\u00e7lar\u0131na g\u00f6re \u00f6zelle\u015ftirilerek \u00f6nerilmesi, \u00fcr\u00fcn, hizmet ve projeler\n      hakk\u0131nda bilgi verilmesi,<\/li><li>Etkin bir m\u00fc\u015fteri hizmetinin sunulabilmesi,<\/li><li>Hizmet ve tekliflerin sunulmas\u0131,<\/li><li>Her t\u00fcrl\u00fc promosyon, kampanya, \u00e7ekili\u015fler\n      hakk\u0131nda bilgi verilmesi,<\/li><li>Her t\u00fcrl\u00fc pazarlama ve reklam faaliyetlerinin\n      y\u00fcr\u00fct\u00fclebilmesi,<\/li><li>Ziyaret\u00e7i profillerinin belirlenebilmesi,<\/li><li>Lemon Villa Otel\u2019in ticari g\u00fcvenilirli\u011finin\n      sa\u011flanabilmesi,<\/li><li>\u0130stek, talep ve \u015fikayetlerin cevaplanarak\n      \u00e7\u00f6z\u00fcmlenmesinin sa\u011flanmas\u0131,<\/li><li>S\u00f6zle\u015fme kapsam\u0131nda ve hizmet standartlar\u0131\n      \u00e7er\u00e7evesinde M\u00fc\u015fteri\u2019lere ve Ziyaret\u00e7iler\u2019e destek hizmetinin sa\u011flanmas\u0131,<\/li><li>Pazar ara\u015ft\u0131rmalar\u0131 ve istatistiksel \u00e7al\u0131\u015fmalar\n      yap\u0131labilmesi,<\/li><li>Lemon Villa Otel ile i\u015f ili\u015fkisi i\u00e7inde bulunan\n      ki\u015filer ile irtibat sa\u011flanmas\u0131,<\/li><li>Pazarlama, uyum y\u00f6netimi, sat\u0131c\u0131\/tedarik\u00e7i\n      y\u00f6netimi,<\/li><li>Bilgi g\u00fcvenli\u011fi s\u00fcre\u00e7lerinin planlanmas\u0131,\n      denetimi ve icras\u0131,<\/li><li>Bilgi teknolojileri alt yap\u0131s\u0131n\u0131n olu\u015fturulmas\u0131\n      ve y\u00f6netilmesi,<\/li><li>\u00c7al\u0131\u015fanlar\u0131n Veri Sahibi bilgilerine eri\u015fim\n      yetkilerinin planlanmas\u0131 ve icras\u0131,<\/li><li>Faturaland\u0131rma da dahil, finans ve\/veya muhasebe\n      i\u015flemlerinin takibi,<\/li><li>Hukuk i\u015flerinin takibi,<\/li><li>Kurumsal ileti\u015fim faaliyetlerinin planlanmas\u0131 ve\n      icras\u0131,<\/li><li>Verilerin do\u011fru ve g\u00fcncel olmas\u0131n\u0131n sa\u011flanmas\u0131\n      amac\u0131yla i\u015flenebilecektir.<\/li><\/ol>\n\n\n\n<ol class=\"wp-block-list\"><li><strong>Ki\u015fisel Verilerin Aktar\u0131lmas\u0131 ve Aktar\u0131m Ama\u00e7lar\u0131<\/strong><br>\n     <br>\n     <br>\n     <\/li><\/ol>\n\n\n\n<p>Ki\u015fisel verileriniz; Kanun taraf\u0131ndan\n\u00f6ng\u00f6r\u00fclen temel ilkelere uygun olarak ve Kanun\u2019un 8. ve 9. maddelerinde\nbelirtilen ki\u015fisel veri i\u015fleme \u015fartlar\u0131 ve ama\u00e7lar\u0131na uygun olarak, Lemon Villa\nOtel\u2019in me\u015fru ve hukuka uygun ki\u015fisel veri i\u015fleme ama\u00e7lar\u0131 do\u011frultusunda, Lemon\nVilla Otel taraf\u0131ndan a\u015fa\u011f\u0131da yer alan ama\u00e7larla;<\/p>\n\n\n\n<ol class=\"wp-block-list\"><li>Ticari itibar\u0131n\u0131n ve olu\u015fturdu\u011fu g\u00fcvenin\n      korunmas\u0131,<\/li><li>K\u0131sa, orta ve uzun vadede ticari ve i\u015f\n      stratejilerini belirlenmesi, planlanmas\u0131 ve uygulanmas\u0131,<\/li><li>Sunulan \u00fcr\u00fcn, hizmet ve projelerden sizleri\n      faydaland\u0131rmak i\u00e7in gerekli \u00e7al\u0131\u015fmalar\u0131n i\u015f birimlerimiz taraf\u0131ndan\n      yap\u0131lmas\u0131,<\/li><li>Sunulan \u00fcr\u00fcn, hizmet ve projelerin sizlerin\n      be\u011feni, kullan\u0131m al\u0131\u015fkanl\u0131klar\u0131 ve ihtiya\u00e7lar\u0131na g\u00f6re \u00f6zelle\u015ftirilerek\n      sizlere \u00f6nerilmesi,<\/li><li>\u0130\u015f ili\u015fkisi i\u00e7erisinde olunan ki\u015filerin hukuki\n      ve ticari g\u00fcvenli\u011finin temini (Lemon Villa Otel taraf\u0131ndan y\u00fcr\u00fct\u00fclen\n      ileti\u015fime y\u00f6nelik idari operasyonlar, Lemon Villa Otel\u2019e ait\n      lokasyonlar\u0131n fiziksel g\u00fcvenli\u011fini ve denetimini sa\u011flamak, i\u015f\n      orta\u011f\u0131\/m\u00fc\u015fteri\/tedarik\u00e7i (yetkili veya \u00e7al\u0131\u015fanlar\u0131) de\u011ferlendirme\n      s\u00fcre\u00e7leri, itibar ara\u015ft\u0131rma s\u00fcre\u00e7leri, hukuki uyum s\u00fcreci, denetim, mali\n      i\u015fler vb.),<\/li><li>\u0130nsan kaynaklar\u0131 politikalar\u0131n\u0131n y\u00fcr\u00fct\u00fclmesi\n      temini ama\u00e7lar\u0131yla Lemon Villa Otel yetkililerine, i\u015f ortaklar\u0131m\u0131za,\n      tedarik\u00e7ilerimize, hissedarlar\u0131m\u0131za, kanunen yetkili kurum ve kurulu\u015flara\n      aktar\u0131labilecektir.<\/li><\/ol>\n\n\n\n<p>Ki\u015fisel verilerinizin Lemon Villa Otel\ntaraf\u0131ndan aktar\u0131lmas\u0131 konusunda detayl\u0131 bilgilere,&nbsp;www.lemonvilla.com&nbsp;internet\nadresinden ula\u015fabilece\u011finiz \u201cLemon Villa Otel Ki\u015fisel Verilerin Korunmas\u0131 ve\n\u0130\u015flenmesi Politikas\u0131\u201dnda yer verilmi\u015ftir.<\/p>\n\n\n\n<ol class=\"wp-block-list\"><li><strong>Yurtd\u0131\u015f\u0131na Aktar\u0131m<\/strong><br>\n     <br>\n     <br>\n     <\/li><\/ol>\n\n\n\n<p>Kanun\u2019un 9. Maddesi uyar\u0131nca, Lemon Villa\nOtel\u2019in me\u015fru ve hukuka uygun ki\u015fisel veri i\u015fleme ama\u00e7lar\u0131 do\u011frultusunda\nki\u015fisel verileriniz, Lemon Villa Otel taraf\u0131ndan sunulan \u00fcr\u00fcn ve hizmetlerden\nsizleri faydaland\u0131rmak i\u00e7in gerekli \u00e7al\u0131\u015fmalar\u0131n i\u015f birimlerimiz taraf\u0131ndan\nyap\u0131lmas\u0131, Lemon Villa Otel ve alt markalar\u0131 taraf\u0131ndan sunulan \u00fcr\u00fcn ve\nhizmetlerin sizlerin be\u011feni, kullan\u0131m al\u0131\u015fkanl\u0131klar\u0131 ve ihtiya\u00e7lar\u0131na g\u00f6re\n\u00f6zelle\u015ftirilerek sizlere \u00f6nerilmesi, Lemon Villa Otel\u2019in, Lemon Villa Otel ile\ni\u015f ili\u015fkisi i\u00e7erisinde olan ki\u015filerin hukuki ve ticari g\u00fcvenli\u011finin temini\n(\u015eirketimiz taraf\u0131ndan y\u00fcr\u00fct\u00fclen ileti\u015fime y\u00f6nelik idari operasyonlar, Lemon\nVilla Otel\u2019e ait lokasyonlar\u0131n fiziksel g\u00fcvenli\u011fini ve denetimini sa\u011flamak, i\u015f\norta\u011f\u0131\/m\u00fc\u015fteri\/tedarik\u00e7i (yetkili veya \u00e7al\u0131\u015fanlar\u0131) de\u011ferlendirme s\u00fcre\u00e7leri,\nitibar ara\u015ft\u0131rma s\u00fcre\u00e7leri, hukuki uyum s\u00fcreci, denetim, mali i\u015fler vb.), Lemon\nVilla Otel\u2019in ticari ve i\u015f stratejilerinin belirlenmesi ve uygulanmas\u0131 ile Lemon\nVilla Otel\u2019in insan kaynaklar\u0131 politikalar\u0131n\u0131n y\u00fcr\u00fct\u00fclmesinin temini\nama\u00e7lar\u0131yla, a\u00e7\u0131k r\u0131zan\u0131z var ise veya, a\u00e7\u0131k r\u0131zan\u0131z olmamas\u0131na ra\u011fmen,\nKanun\u2019da d\u00fczenlenen h\u00fck\u00fcmler \u00e7er\u00e7evesinde, yeterli korumaya sahip veya yeterli\nkorumay\u0131 taahh\u00fct eden veri sorumlusunun bulundu\u011fu yabanc\u0131 \u00fclkelere\naktarabilecektir:<\/p>\n\n\n\n<ol class=\"wp-block-list\"><li><strong>Ki\u015fisel Verilerin Toplanma Y\u00f6ntemi Ve Hukuki\n     Sebebi<\/strong><br>\n     <br>\n     <br>\n     <\/li><\/ol>\n\n\n\n<p>Ki\u015fisel verileriniz, hukuki\ny\u00fck\u00fcml\u00fcl\u00fcklerin gerektirdi\u011fi s\u00fcreyle ya da ilgili mevzuatta izin verilen\ns\u00fcreyle mevzuata uygun ko\u015fullarda saklanmaktad\u0131r. Ki\u015fisel verileriniz Kanun\u2019un\n5. ve 6. maddelerinde belirtilen ki\u015fisel veri i\u015flenme \u015fartlar\u0131 ve ama\u00e7lar\u0131 kapsam\u0131nda\nbu metnin 1. ve 2. maddelerinde belirtilen ama\u00e7larla toplanabilecek,\ni\u015flenebilecek, aktar\u0131labilecek ve saklanabilecektir.<\/p>\n\n\n\n<p>Ki\u015fisel verileriniz, Lemon Villa Otel\ntaraf\u0131ndan farkl\u0131 yollardan (Lemon Villa Otel merkezi, \u015fubeleri, acenteleri,\nsat\u0131\u015f ofisleri veya di\u011fer alt y\u00fcklenicileri veya i\u015f ortaklar\u0131 ile ileti\u015fime\nge\u00e7ebilece\u011finiz ofis ve di\u011fer fiziki ortamlar, \u00e7a\u011fr\u0131 merkezleri, internet\nsiteleri, mobil uygulamalar ve benzeri elektronik i\u015flem platformlar\u0131, sosyal\nmedya veya di\u011fer kamuya a\u00e7\u0131k mecralar arac\u0131l\u0131\u011f\u0131yla, d\u00fczenleyecekleri e\u011fitim,\nseminer ve benzeri ortamlara kat\u0131lman\u0131zla, tahkikat y\u00f6ntemiyle veya di\u011fer Grup\n\u015eirketleri veya anla\u015fmal\u0131 olduklar\u0131 di\u011fer ki\u015fi ve kurulu\u015flar kanal\u0131yla s\u00f6zl\u00fc,\nyaz\u0131l\u0131, ses veya g\u00f6r\u00fcnt\u00fc kayd\u0131 veya di\u011fer fiziksel veya elektronik ortamda vb.)\nelde edilebilir.<\/p>\n\n\n\n<p>Lemon Villa Otel b\u00fcnyesindeki \u015firketlerin\nfaaliyetlerinin, Lemon Villa Otel ilke, hedef ve stratejilerine uygun olarak\ny\u00fcr\u00fct\u00fclmesi, Lemon Villa Otel\u2019in hak ve menfaatleri ile itibar\u0131n\u0131n korunmas\u0131\namac\u0131yla, Lemon Villa Otel b\u00fcnyesindeki \u015firketlerden biri taraf\u0131ndan toplanan\nve i\u015flenmekte olan ki\u015fisel veriler, yine Lemon Villa Otel b\u00fcnyesindeki di\u011fer\n\u015firketlere aktar\u0131labilir ve bu \u015firketler taraf\u0131ndan da i\u015flenebilir.<\/p>\n\n\n\n<ol class=\"wp-block-list\"><li><strong>Ki\u015fisel Veri Sahibi Olarak Kanun\u2019un 11.\n     Maddesinde Say\u0131lan Haklar\u0131n\u0131z<\/strong><br>\n     <br>\n     <br>\n     <\/li><\/ol>\n\n\n\n<p>Ki\u015fisel veri sahipleri olarak, haklar\u0131n\u0131za\nili\u015fkin taleplerinizi, a\u015fa\u011f\u0131da d\u00fczenlenen y\u00f6ntemlerle Lemon Villa Otel\u2019e\niletmeniz durumunda, Lemon Villa Otel talebinizi niteli\u011fine g\u00f6re en k\u0131sa s\u00fcrede\nve en ge\u00e7 30 (otuz) g\u00fcn i\u00e7inde \u00fccretsiz olarak sonu\u00e7land\u0131racakt\u0131r. Ancak,\nKi\u015fisel Verileri Koruma Kurulunca bir \u00fccret \u00f6ng\u00f6r\u00fclmesi halinde, belirlenen\ntarifedeki \u00fccret al\u0131nabilir.<\/p>\n\n\n\n<p>Bu kapsamda ki\u015fisel veri sahipleri, Lemon\nVilla Otel\u2019e ba\u015fvurarak a\u015fa\u011f\u0131daki haklar\u0131n\u0131 kullanabilir:<\/p>\n\n\n\n<ol class=\"wp-block-list\"><li>Lemon Villa Otel\u2019in veri sahibinin ki\u015fisel\n      verilerini i\u015fleyip i\u015flemedi\u011fini \u00f6\u011frenme,<\/li><li>E\u011fer Lemon Villa Otel nezdinde ki\u015fisel veriler\n      i\u015fleniyorsa, bu veri i\u015fleme faaliyeti hakk\u0131nda bilgi talep etme,<\/li><li>Lemon Villa Otel nezdinde ki\u015fisel veriler\n      i\u015fleniyorsa, ki\u015fisel veri i\u015fleme faaliyetinin amac\u0131n\u0131 ve i\u015flenme amac\u0131na\n      uygun kullan\u0131l\u0131p kullanmad\u0131\u011f\u0131n\u0131 \u00f6\u011frenme,<\/li><li>E\u011fer ki\u015fisel veriler yurti\u00e7inde veya yurtd\u0131\u015f\u0131nda\n      \u00fc\u00e7\u00fcnc\u00fc ki\u015filere aktar\u0131l\u0131yorsa, bu \u00fc\u00e7\u00fcnc\u00fc ki\u015filer hakk\u0131nda bilgi talep\n      etme,<\/li><li>Ki\u015fisel verilerin eksik veya yanl\u0131\u015f i\u015flenmi\u015f\n      olmas\u0131 halinde, bunlar\u0131n d\u00fczeltilmesini talep etme,<\/li><li>Ki\u015fisel verilerin Lemon Villa Otel nezdinde\n      eksik veya yanl\u0131\u015f i\u015flenmi\u015f olmas\u0131 halinde, ki\u015fisel verilerin aktar\u0131ld\u0131\u011f\u0131\n      \u00fc\u00e7\u00fcnc\u00fc ki\u015filere bu durumun bildirilmesini talep etme,<\/li><li>Ki\u015fisel verilerin Kanun ve ilgili di\u011fer kanun\n      h\u00fck\u00fcmlerine uygun olarak i\u015flenmi\u015f olmas\u0131na ra\u011fmen, i\u015flenmesini gerektiren\n      sebeplerin ortadan kalkmas\u0131 h\u00e2linde ki\u015fisel verilerin silinmesini, yok\n      edilmesini veya anonim hale getirilmesini isteme.<\/li><li>Ki\u015fisel verilerin i\u015flenmesini gerektiren\n      sebepler ortadan kalkt\u0131ysa, bu durumun ki\u015fisel verilerin aktar\u0131ld\u0131\u011f\u0131\n      \u00fc\u00e7\u00fcnc\u00fc ki\u015filere bildirilmesini talep etme,<\/li><li>Lemon Villa Otel taraf\u0131ndan i\u015flenen ki\u015fisel\n      verilerin m\u00fcnhas\u0131ran otomatik sistemler vas\u0131tas\u0131yla analiz edilmesi ve bu\n      analiz neticesinde ilgili ki\u015finin aleyhine bir sonu\u00e7 do\u011fdu\u011funu d\u00fc\u015f\u00fcnd\u00fc\u011f\u00fc\n      sonu\u00e7lar\u0131n ortaya \u00e7\u0131kmas\u0131 halinde, bu sonuca itiraz etme.<\/li><li>Ki\u015fisel verilerin kanuna ayk\u0131r\u0131 olarak i\u015flenmesi\n      sebebiyle zarara u\u011franmas\u0131 halinde zarar\u0131n giderilmesini talep etme.<\/li><\/ol>\n\n\n\n<p>Kanun\u2019un 13(f.1) maddesi gere\u011fince,\nyukar\u0131da belirtilen haklar\u0131n\u0131z\u0131 kullanmak ile ilgili talebinizi, yaz\u0131l\u0131 olarak\nveya Ki\u015fisel Verileri Koruma Kurulu\u2019nun belirledi\u011fi di\u011fer y\u00f6ntemlerle Lemon\nVilla Otel\u2019a iletebilirsiniz. Bu \u00e7er\u00e7evede Lemon Villa Otel\u2019a Kanun\u2019un 11.\nMaddesi kapsam\u0131nda yapaca\u011f\u0131n\u0131z ba\u015fvurularda yaz\u0131l\u0131 olarak ba\u015fvurunuzu\niletece\u011finiz kanallar ve usuller a\u015fa\u011f\u0131da a\u00e7\u0131klanmaktad\u0131r.<\/p>\n\n\n\n<p>Kanun\u2019un 11. maddesinde belirtilen\nhaklardan kullanmay\u0131 talep etti\u011finiz hakk\u0131n\u0131za y\u00f6nelik a\u00e7\u0131klamalar\u0131n\u0131z\u0131 i\u00e7eren\ntalebinizi, kimli\u011finizi tespit edici belgeler ile birlikte,&nbsp;www.lemonvilla.com&nbsp;adresindeki\n6698 Say\u0131l\u0131 Ki\u015fisel Verilerin Korunmas\u0131 Kanunu Kapsam\u0131nda Ki\u015fisel Veri Sahibi\nBa\u015fvuru Formu\u2019nu eksiksiz olarak doldurarak;<\/p>\n\n\n\n<ol class=\"wp-block-list\"><li>Islak imzal\u0131 bir n\u00fcshas\u0131n\u0131 \u201c\u00e7ar\u015f\u0131 mah. Tophane\n      cad no 20 alanya ANTALYA\u201d adresine \u015fahsen elden teslim edebilir,<\/li><li>Noter vas\u0131tas\u0131yla veya iadeli taahh\u00fctl\u00fc posta\n      yoluyla yukar\u0131daki adresimize g\u00f6nderebilir,<\/li><li>G\u00fcvenli Elektronik imza ile\n      imzalayarak,&nbsp;info@lemonvilla.com&nbsp;adresine e-posta ile\n      iletebilir, ya da<\/li><li>Kay\u0131tl\u0131 Elektronik Posta (KEP) hesab\u0131n\u0131zdan,\n      ba\u015fvuru yapmak istedi\u011finiz \u015firketin, ekteki listede yer alan KEP adresine\n      g\u00fcvenli elektronik imzal\u0131 olarak iletebilirsiniz.<\/li><\/ol>\n\n\n\n<ol class=\"wp-block-list\"><li><strong>De\u011fi\u015fiklikler<\/strong><br>\n     <br>\n     <br>\n     <\/li><\/ol>\n\n\n\n<p>O Lemon Villa Otel\u2019in, Ki\u015fisel Verilerin\nKorunmas\u0131 Kanunu\u2019nda olabilecek de\u011fi\u015fiklikler ve Ki\u015fisel Verileri Koruma Kurulu\ntaraf\u0131ndan belirlenecek y\u00f6ntemler nedeni ile bu ayd\u0131nlatma bildiriminde\nde\u011fi\u015fiklik yapma hakk\u0131 sakl\u0131d\u0131r.<\/p>\n\n\n\n<p><strong>6698 SAYILI K\u0130\u015e\u0130SEL\nVER\u0130LER\u0130N KORUNMASI KANUNU KAPSAMINDA K\u0130\u015e\u0130SEL VER\u0130 SAH\u0130B\u0130 BA\u015eVURUSU<\/strong><\/p>\n\n\n\n<p>6698 Say\u0131l\u0131 Ki\u015fisel\nVerilerin Korunmas\u0131 Kanunu\u2019nda (\u201cKVK Kanunu\u201d) ilgili ki\u015fi olarak tan\u0131mlanan\nki\u015fisel veri sahiplerine (\u201cBa\u015fvuru Sahibi\u201d), KVK Kanunu\u2019nun 11. Maddesi ile\nki\u015fisel verilerin i\u015flenmesine ili\u015fkin \u00e7e\u015fitli taleplerde bulunma hakk\u0131\ntan\u0131nm\u0131\u015ft\u0131r. KVK Kanunu uyar\u0131nca veri sorumlusu olan \u015eirketimize, s\u00f6z konusu\nhaklara ili\u015fkin olarak yap\u0131lacak ba\u015fvurular\u0131n yaz\u0131l\u0131 olarak veya Ki\u015fisel\nVerilerin Korunmas\u0131 Kurulu (\u201cKurul\u201d) taraf\u0131ndan belirlenen di\u011fer y\u00f6ntemlerle\ntaraf\u0131m\u0131za iletilmesi gerekmektedir.<\/p>\n\n\n\n<p>Taraf\u0131m\u0131za a\u015fa\u011f\u0131daki\nkanallar vas\u0131tas\u0131yla yaz\u0131l\u0131 olarak iletece\u011finiz ba\u015fvurular\u0131n\u0131z, KVK Kanunu\u2019nun\n13. Maddesi uyar\u0131nca, talebinizin \u015eirketimize ula\u015ft\u0131\u011f\u0131 tarihten itibaren en ge\u00e7\n30 g\u00fcn i\u00e7inde \u00fccretsiz olarak sonu\u00e7land\u0131r\u0131lacakt\u0131r. Ancak, i\u015flemin ayr\u0131ca bir\nmaliyeti gerektirmesi h\u00e2linde, Kurulca belirlenen tarifedeki \u00fccret al\u0131nabilir.<\/p>\n","protected":false},"excerpt":{"rendered":"<p>K\u0130\u015e\u0130SEL VER\u0130LER\u0130N KORUNMASI KANUNU KAPSAMINDA AYDINLATMA METN\u0130 K\u0130\u015e\u0130SEL VER\u0130LER\u0130N KORUNMASI KANUNU KAPSAMINDA AYDINLATMA METN\u0130 Lemon Villa Otel &nbsp;ve ekte listesi yer alan Grup \u015eirketleri (birlikte \u201cLemon Villa Otel\u201d olarak an\u0131lacakt\u0131r) b\u00fcnyesindeki ki\u015fisel veriler, Lemon Villa Otel\u2019un g\u00fcvencesi alt\u0131ndad\u0131r. Lemon Villa Otel olarak, 6698 say\u0131l\u0131 Ki\u015fisel Verilerin Korunmas\u0131 Kanunu (\u201cKanun\u201d) uyar\u0131nca, ki\u015fisel verilerin g\u00fcvenli \u015fekilde saklanmas\u0131n\u0131, [&hellip;]<\/p>\n","protected":false},"author":1,"featured_media":0,"parent":0,"menu_order":0,"comment_status":"closed","ping_status":"closed","template":"","meta":{"footnotes":""},"class_list":["post-842","page","type-page","status-publish","hentry"],"_links":{"self":[{"href":"https:\/\/www.lemonvilla.com\/index.php?rest_route=\/wp\/v2\/pages\/842","targetHints":{"allow":["GET"]}}],"collection":[{"href":"https:\/\/www.lemonvilla.com\/index.php?rest_route=\/wp\/v2\/pages"}],"about":[{"href":"https:\/\/www.lemonvilla.com\/index.php?rest_route=\/wp\/v2\/types\/page"}],"author":[{"embeddable":true,"href":"https:\/\/www.lemonvilla.com\/index.php?rest_route=\/wp\/v2\/users\/1"}],"replies":[{"embeddable":true,"href":"https:\/\/www.lemonvilla.com\/index.php?rest_route=%2Fwp%2Fv2%2Fcomments&post=842"}],"version-history":[{"count":1,"href":"https:\/\/www.lemonvilla.com\/index.php?rest_route=\/wp\/v2\/pages\/842\/revisions"}],"predecessor-version":[{"id":843,"href":"https:\/\/www.lemonvilla.com\/index.php?rest_route=\/wp\/v2\/pages\/842\/revisions\/843"}],"wp:attachment":[{"href":"https:\/\/www.lemonvilla.com\/index.php?rest_route=%2Fwp%2Fv2%2Fmedia&parent=842"}],"curies":[{"name":"wp","href":"https:\/\/api.w.org\/{rel}","templated":true}]}}